{"version":"1.0","provider_name":"Stavelot, Capitale du Laetare et ses Blancs Moussis (Carnaval Wallon)","provider_url":"https:\/\/www.laetare-stavelot.be\/de\/","title":"21h00 | Grand Feu d'artifice du Laetare - Stavelot, Capitale du Laetare et ses Blancs Moussis (Carnaval Wallon)","type":"rich","width":600,"height":338,"html":"<blockquote class=\"wp-embedded-content\" data-secret=\"HopYXQOlOv\"><a href=\"https:\/\/www.laetare-stavelot.be\/de\/interet\/21h00-grand-feu-dartifices-du-laetare\/\">21h00 | Grand Feu d&#8217;artifice du Laetare<\/a><\/blockquote><iframe sandbox=\"allow-scripts\" security=\"restricted\" src=\"https:\/\/www.laetare-stavelot.be\/de\/interet\/21h00-grand-feu-dartifices-du-laetare\/embed\/#?secret=HopYXQOlOv\" width=\"600\" height=\"338\" title=\"&#8222;21h00 | Grand Feu d&#8217;artifice du Laetare&#8220; &#8211; Stavelot, Capitale du Laetare et ses Blancs Moussis (Carnaval Wallon)\" data-secret=\"HopYXQOlOv\" frameborder=\"0\" marginwidth=\"0\" marginheight=\"0\" scrolling=\"no\" class=\"wp-embedded-content\"><\/iframe><script type=\"text\/javascript\">\n\/* <![CDATA[ *\/\n\/*! This file is auto-generated *\/\n!function(d,l){\"use strict\";l.querySelector&&d.addEventListener&&\"undefined\"!=typeof URL&&(d.wp=d.wp||{},d.wp.receiveEmbedMessage||(d.wp.receiveEmbedMessage=function(e){var t=e.data;if((t||t.secret||t.message||t.value)&&!\/[^a-zA-Z0-9]\/.test(t.secret)){for(var s,r,n,a=l.querySelectorAll('iframe[data-secret=\"'+t.secret+'\"]'),o=l.querySelectorAll('blockquote[data-secret=\"'+t.secret+'\"]'),c=new RegExp(\"^https?:$\",\"i\"),i=0;i<o.length;i++)o[i].style.display=\"none\";for(i=0;i<a.length;i++)s=a[i],e.source===s.contentWindow&&(s.removeAttribute(\"style\"),\"height\"===t.message?(1e3<(r=parseInt(t.value,10))?r=1e3:~~r<200&&(r=200),s.height=r):\"link\"===t.message&&(r=new URL(s.getAttribute(\"src\")),n=new URL(t.value),c.test(n.protocol))&&n.host===r.host&&l.activeElement===s&&(d.top.location.href=t.value))}},d.addEventListener(\"message\",d.wp.receiveEmbedMessage,!1),l.addEventListener(\"DOMContentLoaded\",function(){for(var e,t,s=l.querySelectorAll(\"iframe.wp-embedded-content\"),r=0;r<s.length;r++)(t=(e=s[r]).getAttribute(\"data-secret\"))||(t=Math.random().toString(36).substring(2,12),e.src+=\"#?secret=\"+t,e.setAttribute(\"data-secret\",t)),e.contentWindow.postMessage({message:\"ready\",secret:t},\"*\")},!1)))}(window,document);\n\/\/# sourceURL=https:\/\/www.laetare-stavelot.be\/wp-includes\/js\/wp-embed.min.js\n\/* ]]> *\/\n<\/script>\n","thumbnail_url":"https:\/\/www.laetare-stavelot.be\/wp-content\/uploads\/2017\/04\/LaetareStavelot2017-31-FEUARTIFICE-02.jpg","thumbnail_width":1600,"thumbnail_height":900,"description":"Dimanche d\u00e8s 21h00 | Grand Feu d&#8217;artifice du Laetare Nous vous donnons rendez-vous \u00e0 21h00 pour un des plus grands Feu d&#8217;Artifice de la r\u00e9gion. Celui-ci est tir\u00e9 depuis la route de Somagne et visible depuis de nombreux endroits \u00e0 Stavelot, mais surtout depuis l&#8217;Esplanade de l&#8217;ancienne Abbaye de Stavelot Un spectacle de toute beaut\u00e9 anim\u00e9 par les soci\u00e9t\u00e9s de musiques de Stavelot. Dernier spectacle de la journ\u00e9e avant de se rendre dans les caves et entamer la c\u00e9l\u00e8bre &#8218;Nuit Blanche des Blancs Moussis&#8216; !"}

Dimanche dès 21h00 | Grand Feu d&#8217;artifice du Laetare Nous vous donnons rendez-vous à 21h00 pour un des plus grands Feu d&#8217;Artifice de la région. Celui-ci est tiré depuis la route de Somagne et visible depuis de nombreux endroits à Stavelot, mais surtout depuis l&#8217;Esplanade de l&#8217;ancienne Abbaye de Stavelot Un spectacle de toute beauté animé par les sociétés de musiques de Stavelot. Dernier spectacle de la journée avant de se rendre dans les caves et entamer la célèbre &#8218;Nuit Blanche des Blancs Moussis&#8216; !
